on factor of 573 and 2550041.
191
What is the highest common factor of 2256 and 1020380?
4
Calculate the greatest common factor of 2547 and 149979246.
849
What is the highest common divisor of 11065 and 77615?
5
What is the greatest common divisor of 246816 and 73702?
1714
What is the highest common factor of 1485 and 261675?
45
Calculate the highest common factor of 330206801 and 106.
53
What is the greatest common divisor of 7003 and 272177?
47
What is the greatest common factor of 85786900 and 326?
326
What is the highest common divisor of 648002 and 414?
46
What is the highest common factor of 5 and 258641640?
5
Calculate the greatest common factor of 1085 and 12731845.
35
Calculate the greatest common divisor of 18568 and 25597.
11
What is the highest common divisor of 240 and 413664?
48
What is the highest common factor of 83371 and 75763?
317
Calculate the greatest common divisor of 10142 and 350746.
22
Calculate the highest common factor of 2356896 and 304.
16
What is the highest common factor of 11 and 1169794?
1
Calculate the highest common factor of 2035 and 457547365.
2035
What is the highest common factor of 99512 and 172984?
56
What is the greatest common factor of 120 and 54874440?
120
Calculate the greatest common factor of 29579430 and 230.
10
What is the highest common factor of 3914 and 843353494?
3914
What is the greatest common divisor of 1700 and 14428172?
68
Calculate the highest common factor of 7014173 and 7505.
1501
What is the highest common divisor of 68533 and 22363?
19
What is the highest common factor of 62 and 972067?
31
Calculate the highest common divisor of 7358 and 6604.
26
Calculate the highest common divisor of 296364232 and 11964.
3988
Calculate the highest common divisor of 48279 and 8117648.
847
What is the greatest common divisor of 38251230 and 1920?
30
Calculate the highest common factor of 11492770 and 2130.
710
What is the highest common factor of 97250690 and 30?
10
Calculate the greatest common factor of 411690 and 3.
3
What is the highest common divisor of 88090 and 890?
10
What is the greatest common divisor of 35897576 and 2288?
1144
What is the greatest common factor of 49101 and 507?
39
What is the greatest common factor of 192 and 2732754?
6
What is the highest common divisor of 158711 and 656?
41
What is the highest common divisor of 51 and 56245503?
51
Calculate the highest common divisor of 80 and 31899720.
40
Calculate the greatest common divisor of 18431 and 6858965.
2633
Calculate the highest common divisor of 61585924 and 33216.
692
Calculate the highest common factor of 2980 and 6700.
20
Calculate the greatest common factor of 6503 and 33164371.
929
Calculate the highest common factor of 22515 and 456380.
95
Calculate the greatest common factor of 18 and 2853.
9
Calculate the highest common factor of 221343 and 1607431.
829
Calculate the highest common factor of 101584691 and 13.
13
Calculate the highest common factor of 7071177 and 27.
3
Calculate the highest common factor of 35337738 and 222.
222
What is the greatest common factor of 60 and 258595850?
10
Calculate the highest common factor of 128946810 and 48408.
12102
Calculate the highest common factor of 59076909 and 108.
9
Calculate the greatest common factor of 10282643 and 7.
7
Calculate the greatest common factor of 92659 and 3700687.
1891
Calculate the greatest common factor of 9022796 and 22489.
523
What is the highest common factor of 136053 and 66744?
27
What is the greatest common factor of 779202 and 61672?
1186
What is the greatest common factor of 2812 and 29301743?
703
What is the highest common factor of 127515436 and 232?
116
Calculate the greatest common divisor of 4910 and 2317570.
10
What is the highest common divisor of 1529766 and 15960?
798
Calculate the highest common factor of 269836 and 47794.
46
What is the highest common factor of 441239994 and 702?
702
Calculate the greatest common divisor of 1551 and 309793.
11
Calculate the highest common divisor of 1307499 and 11371.
83
What is the greatest common divisor of 156 and 1928771?
13
Calculate the highest common divisor of 9 and 761907.
3
What is the highest common divisor of 1936224 and 405?
81
What is the highest common divisor of 427011 and 11271?
39
What is the highest common factor of 1279352 and 19067?
23
Calculate the greatest common factor of 7168166 and 3704.
926
What is the greatest common factor of 35029143 and 12465?
2493
What is the highest common divisor of 53708 and 208916?
116
Calculate the highest common divisor of 185 and 536320291.
37
What is the greatest common divisor of 38584 and 718212222?
9646
Calculate the greatest common factor of 27395754 and 31.
31
What is the highest common divisor of 1119400 and 14266753?
5597
What is the highest common factor of 34017 and 1332528?
1173
What is the highest common factor of 264140 and 10340?
940
What is the highest common factor of 798515207 and 7?
7
What is the highest common divisor of 4524355 and 1760?
55
Calculate the greatest common divisor of 7557528 and 1122.
66
Calculate the greatest common factor of 122 and 61716262.
122
What is the highest common divisor of 22006915 and 175?
35
What is the highest common factor of 7576173 and 3322539?
9801
What is the highest common factor of 589521969 and 81?
81
Calculate the highest common divisor of 840774 and 24.
6
Calculate the highest common divisor of 26384 and 263549.
97
Calculate the greatest common divisor of 3174 and 4882716.
138
What is the highest common divisor of 84 and 905523?
3
Calculate the highest common divisor of 144372 and 8374.
106
Calculate the greatest common factor of 17 and 11199090.
17
What is the highest common factor of 13802 and 119930?
134
Calculate the greatest common factor of 655064 and 13096.
8
Calculate the greatest common divisor of 391782 and 73146.
1002
Calculate the highest common divisor of 664751 and 102.
17
Calculate the greatest common factor of 1278830 and 2555.
35
Calculate the highest common divisor of 32588964 and 540.
36
Calculate the highest common divisor of 22869470 and 286.
26
What is the greatest common factor of 13 and 25785227?
13
What is the highest common factor of 275805 and 15975?
45
Calculate the highest common divisor of 1190 and 912785930.
1190
Calculate the highest common factor of 946 and 105540017.
473
Calculate the highest common factor of 35006 and 864593.
23
Calculate the highest common divisor of 1072952 and 9088.
568
Calculate the highest common factor of 13828 and 384.
4
What is the highest common factor of 11154 and 267190352?
3718
What is the greatest common factor of 46364171 and 49?
7
What is the highest common divisor of 279 and 6624?
9
What is the highest common divisor of 2193471 and 38581?
941
What is the highest common factor of 174 and 23913678?
6
Calculate the highest common divisor of 6869478 and 99.
33
What is the greatest common factor of 2436 and 11789428?
812
What is the greatest common divisor of 626 and 502474?
2
Calculate the greatest common factor of 539 and 9094988.
49
What is the highest common factor of 3309120 and 1536?
192
Calculate the greatest common factor of 3797 and 407140919.
3797
Calculate the highest common divisor of 5963 and 2058240.
67
What is the highest common divisor of 65121 and 51009?
147
What is the greatest common factor of 7 and 266083349?
7
Calculate the highest common divisor of 4499841 and 1991.
181
What is the highest common factor of 7529241 and 1442112?
3219
Calculate the highest common factor of 73275 and 13560.
15
What is the greatest common divisor of 26912948 and 662?
662
Calculate the highest common divisor of 363987 and 91494.
1989
What is the highest common divisor of 149 and 839751633?
149
What is the greatest common factor of 21202622 and 42?
14
What is the greatest common divisor of 19706841 and 301?
7
Calculate the highest common factor of 1109715 and 177020.
835
Calculate the highest common divisor of 1708019954 and 10506.
3502
Calculate the highest common divisor of 210533526 and 27.
27
What is the highest common factor of 269627 and 488536?
79
Calculate the greatest common factor of 28 and 76431068.
28
Calculate the greatest common divisor of 184 and 20779028.
92
What is the greatest common divisor of 3321 and